y 45.
44
What is the remainder when 380475 is divided by 8233?
1757
Calculate the remainder when 6434350 is divided by 2605.
0
What is the remainder when 3956649 is divided by 2718?
1959
What is the remainder when 230884 is divided by 518?
374
Calculate the remainder when 1557025261 is divided by 13.
12
What is the remainder when 81189 is divided by 902?
9
Calculate the remainder when 1725391 is divided by 1199.
30
Calculate the remainder when 155083 is divided by 51688.
19
What is the remainder when 718298 is divided by 1582?
70
Calculate the remainder when 286675 is divided by 11727.
5227
What is the remainder when 99067 is divided by 24614?
611
Calculate the remainder when 87494 is divided by 5967.
3956
Calculate the remainder when 12445169 is divided by 51.
47
What is the remainder when 64928 is divided by 1199?
182
What is the remainder when 188165 is divided by 910?
705
Calculate the remainder when 33096 is divided by 9041.
5973
Calculate the remainder when 8379694 is divided by 19.
10
What is the remainder when 1052457 is divided by 2211?
21
Calculate the remainder when 26794048 is divided by 50.
48
What is the remainder when 35847 is divided by 3173?
944
What is the remainder when 1855958 is divided by 90?
68
What is the remainder when 740989 is divided by 224?
221
Calculate the remainder when 2897226 is divided by 1308.
6
Calculate the remainder when 4350574 is divided by 483395.
19
What is the remainder when 4145 is divided by 3918?
227
What is the remainder when 1632075 is divided by 435?
390
Calculate the remainder when 23646 is divided by 1726.
1208
Calculate the remainder when 99848 is divided by 99651.
197
What is the remainder when 1722886 is divided by 172288?
6
What is the remainder when 5303121 is divided by 3482?
35
Calculate the remainder when 28010 is divided by 825.
785
Calculate the remainder when 7304 is divided by 8.
0
Calculate the remainder when 11303126 is divided by 452124.
26
Calculate the remainder when 77323 is divided by 4403.
2472
What is the remainder when 7257 is divided by 1141?
411
What is the remainder when 811629 is divided by 24592?
93
Calculate the remainder when 2612324 is divided by 2612321.
3
What is the remainder when 78043 is divided by 1442?
175
What is the remainder when 366186055 is divided by 13721?
7
What is the remainder when 5974229 is divided by 313?
311
Calculate the remainder when 308779 is divided by 3088.
3067
Calculate the remainder when 11862 is divided by 706.
566
Calculate the remainder when 5205128 is divided by 805.
803
What is the remainder when 37690 is divided by 12453?
331
What is the remainder when 857419 is divided by 10088?
10027
Calculate the remainder when 33464 is divided by 33276.
188
Calculate the remainder when 20226463 is divided by 4.
3
What is the remainder when 635364 is divided by 35298?
0
Calculate the remainder when 187443328 is divided by 231.
226
Calculate the remainder when 1666169 is divided by 633.
113
What is the remainder when 63994 is divided by 31834?
326
Calculate the remainder when 111826187 is divided by 10.
7
What is the remainder when 406211 is divided by 150?
11
What is the remainder when 861749 is divided by 142?
93
What is the remainder when 229413 is divided by 1726?
1581
Calculate the remainder when 81631750 is divided by 551.
549
Calculate the remainder when 1373891 is divided by 9609.
9413
Calculate the remainder when 98200771 is divided by 99.
97
Calculate the remainder when 23714 is divided by 3634.
1910
What is the remainder when 13543560 is divided by 13543368?
192
Calculate the remainder when 919043 is divided by 556.
531
What is the remainder when 195788 is divided by 97678?
432
What is the remainder when 58655 is divided by 6353?
1478
What is the remainder when 893162 is divided by 148860?
2
What is the remainder when 413796 is divided by 413211?
585
Calculate the remainder when 148423 is divided by 18158.
3159
What is the remainder when 34516366 is divided by 4780?
4766
What is the remainder when 305647 is divided by 50?
47
Calculate the remainder when 652251 is divided by 18118.
3
Calculate the remainder when 5749180 is divided by 5749060.
120
What is the remainder when 6206332 is divided by 32?
28
What is the remainder when 45507 is divided by 44578?
929
Calculate the remainder when 2586385 is divided by 5204.
5201
Calculate the remainder when 1787321 is divided by 9507.
5
What is the remainder when 958092 is divided by 18065?
647
Calculate the remainder when 300097861 is divided by 3099.
3097
Calculate the remainder when 74603 is divided by 20.
3
What is the remainder when 3040547 is divided by 2458?
1
What is the remainder when 23943596 is divided by 2660398?
14
What is the remainder when 261521 is divided by 159?
125
Calculate the remainder when 3641046 is divided by 195.
6
Calculate the remainder when 315153 is divided by 121.
69
What is the remainder when 254450 is divided by 152?
2
What is the remainder when 28728062 is divided by 179?
173
Calculate the remainder when 18959 is divided by 6103.
650
Calculate the remainder when 1149328 is divided by 16654.
202
What is the remainder when 51395 is divided by 6263?
1291
What is the remainder when 376834 is divided by 2256?
82
What is the remainder when 3829017 is divided by 1928?
9
Calculate the remainder when 155957 is divided by 837.
275
What is the remainder when 127428 is divided by 42080?
1188
What is the remainder when 56317 is divided by 490?
457
Calculate the remainder when 6886977 is divided by 144.
33
What is the remainder when 4338936 is divided by 70?
56
Calculate the remainder when 8227631 is divided by 1316.
1315
Calculate the remainder when 17514702 is divided by 427.
16
Calculate the remainder when 9542602 is divided by 1377.
1369
What is the remainder when 71662 is divided by 2081?
908
What is the remainder when 1405059 is divided by 11805?
264
Calculate the remainder when 223965 is divided by 107.
14
What is the remainder when 240840766 is divided by 204?
202
What is the remainder when 64712 is divided by 51?
44
Calculate the remainder when 78008258 is divided by 53.
49
What is the remainder when 13321723 is divided by 162460?
3
What is the remainder when 188252 is divided by 393?
5
What is the remainder when 101248 is divided by 23999?
5252
What is the remainder when 1176989 is divided by 3089?
80
What is the remainder when 6651063 is divided by 14?
13
Calculate the remainder when 176818 is divided by 3055.
2683
What is the remainder when 217109 is divided by 54235?
169
Calculate the remainder when 104049706 is divided by 26012424.
10
Calculate the remainder when 7022 is divided by 423.
254
What is the remainder when 210874 is divided by 1240?
74
Calculate the remainder when 37781 is divided by 11835.
2276
Calculate the remainder when 25927102 is divided by 6.
4
What is the remainder when 944297 is divided by 242?
13
Calculate the remainder when 14380821 is divided by 18.
9
What is the remainder when 201424 is divided by 1799?
1735
What is the remainder when 213485 is divided by 211049?
2436
What is the remainder when 195373 is divided by 13912?
605
What is the remainder when 1651264 is divided by 51589?
416
What is the remainder when 7548059 is divided by 95545?
4
What is the remainder when 214054378 is divided by 855?
853
What is the remainder when 17067 is divided by 2?
1
What is the remainder when 1753360 is divided by 6399?
34
What is the remainder when 2702119 is divided by 1385?
1369
What is the remainder when 17848558 is divided by 465?
463
What is the remainder when 8446007 is divided by 27?
2
What is the remainder when 81572 is divided by 40200?
1172
What is the remainder when 717521 is divided by 24741?
32
What is the remainder when 169436 is divided by 42169?
760
What is the remainder when 3845432 is divided by 98?
10
What is the remainder when 1477393 is divided by 1155?
148
Calculate the remainder when 83773285 is divided by 470.
15
Calculate the remainder when 2531585 is divided by 1822.
827
Calculate the remainder when 115988 is divided by 70.
68
Calculate the remainder when 3928034 is divided by 686.
684
Calculate the remainder when 389984 is divided by 16940.
364
What is the remainder when 5275481 is divided by 137?
22
What is the remai